{"id":82,"date":"2014-03-06T13:59:56","date_gmt":"2014-03-06T13:59:56","guid":{"rendered":"http:\/\/demo.deliciousthemes.com\/patti\/?page_id=82"},"modified":"2020-12-23T08:46:58","modified_gmt":"2020-12-23T08:46:58","slug":"homepage","status":"publish","type":"page","link":"https:\/\/hercing.com\/","title":{"rendered":"Po\u010detna"},"content":{"rendered":"<p>[vc_row dt_no_mb=&#8221;no-margin&#8221; bg_color=&#8221;#ffffff&#8221; dt_id=&#8221;hello&#8221;][vc_column][rev_slider_vc alias=&#8221;fullscreen-image-slider&#8221;][\/vc_column][\/vc_row][vc_row dt_no_mb=&#8221;no-margin&#8221; bg_color=&#8221;#fafafa&#8221; dt_padding_top=&#8221;100&#8243; dt_padding_bottom=&#8221;100&#8243; dt_id=&#8221;about&#8221; bg_image=&#8221;224&#8243;][vc_column][vc_row_inner][vc_column_inner]<div class=\"dt-title-wrapper\"><h1 class=\"section-title\">Mi imamo rje\u0161enje za Vas<\/h1><\/div><div style=\"clear:both; width:100%; height:60px\"><\/div>[\/vc_column_inner][\/vc_row_inner][vc_row_inner][vc_column_inner width=&#8221;1\/4&#8243; css_animation=&#8221;bottom-to-top&#8221;][vc_column_text]<\/p>\n<h2><strong>GRADITE<\/strong><\/h2>\n<p>Odlu\u010dili ste da gradite novi objekat stambene ili poslovne namjene, pomo\u0107i \u0107emo Vam da dobijete najkvalitetnije materijale i uslugu gradnje po visokim standradima te garantujemo zadovoljstvo svojih klijenata.<br \/>\nNa\u0161i saradnici razli\u010ditih profila osposobljeni su za izvo\u0111enje svih faza radova na konstrukcijama objekata kao i za izvo\u0111enje gra\u0111evinsko zanatskih radova za sva podru\u010dja visokogradnje.[\/vc_column_text][vc_separator el_id=&#8221;onama&#8221;][\/vc_column_inner][vc_column_inner width=&#8221;1\/4&#8243; css_animation=&#8221;bottom-to-top&#8221;][vc_column_text]<\/p>\n<h2><strong>ADAPTIRATE<\/strong><\/h2>\n<p>Ukoliko adaptirate ve\u0107 postoje\u0107i objekat tu smo da Vam u\u010dinimo Va\u0161 prostor ugodnijim i motiviraju\u0107im za obavljanje Va\u0161ih svakodnevnih aktivnosti. Pomo\u0107i \u0107emo Vam da dobijete jasnu i realnu sliku Va\u0161eg prostora pomo\u0107u 3D realne vizualizacije i rendera kako biste \u0161to bolje mogli do\u017eivjeti Va\u0161 novi prostor. \u00a0Uz dugogodi\u0161nje iskustvo te mnogobrojne adaptacije, na\u0161a kompanija je zasigurno Va\u0161 dobar izbor.[\/vc_column_text][vc_separator][\/vc_column_inner][vc_column_inner width=&#8221;1\/4&#8243; css_animation=&#8221;bottom-to-top&#8221;][vc_column_text]<\/p>\n<h2><strong>PROJEKTUJETE<\/strong><\/h2>\n<p>Za izgradnju posve novog objekta potrebni su Vam projekti, mi nudimu i uslugu izrade idejnih i glavnih projekata za Va\u0161 objekat te arhitektonska rje\u0161enja i savjete.[\/vc_column_text][\/vc_column_inner][vc_column_inner width=&#8221;1\/4&#8243;][vc_column_text]<\/p>\n<h2><strong>SANIRATE<\/strong><\/h2>\n<p>Va\u0161em prostoru potrebna je sanacija ili renoviranje pa \u0107emo Vam i na tom polju ponuduti u\u010dinkovito rje\u0161enje popravkom i rje\u0161avanjem problema.<br \/>\nTako\u0111er brojimo uspje\u0161na iskustva u saniranju i za\u0161titi historijskih gra\u0111evina i za\u0161ti\u0107enih objekata.<\/p>\n<p>Ili mo\u017eda samo razmi\u0161ljate o ne\u010demu od navedenog nalazite se na pravoj adresi.[\/vc_column_text][\/vc_column_inner][\/vc_row_inner][vc_row_inner el_id=&#8221;onama&#8221;][vc_column_inner width=&#8221;1\/2&#8243;][vc_column_text]<\/p>\n<h2><strong>O NAMA<\/strong><\/h2>\n<p>Hercing je kompanija gra\u0111evinskog profila i bavi se projektovanjem, nadzorom, in\u017einjering poslovima i izvo\u0111enjem gra\u0111evinsko zanatskih radova.<\/p>\n<p>Osnovana je 1991. godine i svojim iskustvom osigurala je mjesto na tr\u017ei\u0161tu gdje izvodi zahtjevne graditeljske poduhvate visokogradnje ali i sofisticiran dizajn kojim oblikuje enterijere svojih klijenata.[\/vc_column_text][vc_separator][\/vc_column_inner][vc_column_inner width=&#8221;1\/2&#8243;][vc_video link=&#8221;https:\/\/youtu.be\/aIJ88CRv_AM&#8221;][\/vc_column_inner][\/vc_row_inner][vc_separator el_id=&#8221;projekat&#8221;][\/vc_column][\/vc_row][vc_row video_raster=&#8221;yes&#8221; dt_text_scheme=&#8221;darker-overlay&#8221; dt_no_mb=&#8221;no-margin&#8221; bg_color=&#8221;#000000&#8243; dt_color_opacity=&#8221;70&#8243; dt_padding_top=&#8221;100&#8243; dt_padding_bottom=&#8221;100&#8243; dt_youtube_url=&#8221;https:\/\/youtu.be\/8lXpdCXKb1U&#8221; dt_id=&#8221;twitter&#8221; bg_image=&#8221;109&#8243;][vc_column width=&#8221;2\/3&#8243; el_id=&#8221;projekat&#8221;]<div class=\"dt-title-wrapper\"><h1 class=\"section-title\">PROJEKAT - HERC RESORT<\/h1><\/div>[vc_column_text]<\/p>\n<p style=\"text-align: center;\">Herc resort je kompleks od 14 modernih vila koje imaju svoje privatno dvori\u0161te.<br \/>\nNalazi se u Sarajevu, naselje Butmir koje je udaljeno 13km od centra grada i 5 km od Me\u0111unarodnog aerodroma u Sarajevu.<br \/>\nPosjeduje 5267,6 m2 povr\u0161ine za stanovanje.<br \/>\nVile imaju 4 spava\u0107e sobe i prostrani dnevni boravak, kuhiju i kupatila.<\/p>\n<p style=\"text-align: center;\">Mjesto ugodnog \u017eivljenja!<\/p>\n<h3 style=\"text-align: center;\"><strong>\u00a0<\/strong><strong>Za vi\u0161e informacija: +387 66 654 625<\/strong><\/h3>\n<p>[\/vc_column_text][\/vc_column][vc_column width=&#8221;1\/3&#8243;][vc_video link=&#8221;https:\/\/youtu.be\/aIJ88CRv_AM&#8221;][\/vc_column][\/vc_row][vc_row dt_no_mb=&#8221;no-margin&#8221; bg_color=&#8221;#ffffff&#8221; dt_padding_top=&#8221;100&#8243; dt_padding_bottom=&#8221;100&#8243; dt_id=&#8221;usluge&#8221;][vc_column][vc_row_inner equal_height=&#8221;yes&#8221; el_id=&#8221;radovi&#8221;][vc_column_inner css_animation=&#8221;top-to-bottom&#8221;]<div class=\"dt-title-wrapper\"><h1 class=\"section-title\">Radovi<\/h1><\/div>[\/vc_column_inner][vc_column_inner]<section class=\"patti-grid\" id=\"gridwrapper_bce\" data-token=\"TVBuD\"><section id=\"options\"><ul id=\"filters\" class=\"option-set clearfix\" data-option-key=\"filter\"><li class=\"all-projects\"><a href=\"#filter\" data-option-value=\"*\" class=\"selected active\">Svi<\/a><\/li><li><a href=\"#filter\" data-option-value=\".44\">Enterijeri<\/a><\/li><li><a href=\"#filter\" data-option-value=\".43\">Naselja<\/a><\/li><li><a href=\"#filter\" data-option-value=\".50\">Poslovni prostori<\/a><\/li><li><a href=\"#filter\" data-option-value=\".47\">Saloni ljepote<\/a><\/li><li><a href=\"#filter\" data-option-value=\".46\">Sportski objekti<\/a><\/li><li><a href=\"#filter\" data-option-value=\".108\">Stambeno-poslovni objekti<\/a><\/li><li><a href=\"#filter\" data-option-value=\".49\">Total design<\/a><\/li><li><a href=\"#filter\" data-option-value=\".48\">Ugostiteljski objekti<\/a><\/li><li><a href=\"#filter\" data-option-value=\".45\">Sakralni objekti<\/a><\/li><li><a href=\"#filter\" data-option-value=\".102\">Zdravstvene ustanove<\/a><\/li><\/ul><\/section><div class=\"space\"><\/div><section id=\"portfolio-wrapper\"><ul class=\"portfolio grid isotope grid_bce\"><li class=\"grid-item dt-project-58 43 41  item-wide\"><a href=\"https:\/\/hercing.com\/index.php\/portfolio\/herc-resort\/\"><div class=\"grid-item-on-hover\"><div class=\"grid-text\"><h3>Herc Resort<\/h3><\/div><div><span>Naselja, Projekti<\/span><\/div><\/div><img class=\"lazy\" data-original=\"https:\/\/hercing.com\/wp-content\/uploads\/2019\/11\/EKSTERIJER-SAOBRACAJNICA-UNUTRASNJA-1-762x592.jpg\" alt=\"\" \/><\/a><\/li><li class=\"grid-item dt-project-363 50 41  item-small\"><a href=\"https:\/\/hercing.com\/index.php\/portfolio\/stup\/\"><div class=\"grid-item-on-hover\"><div class=\"grid-text\"><h3>Poslovna zgrada<\/h3><\/div><div><span>Poslovni prostori, Projekti<\/span><\/div><\/div><img class=\"lazy\" data-original=\"https:\/\/hercing.com\/wp-content\/uploads\/2020\/03\/davud-poslovni-11-379x295.jpg\" alt=\"\" \/><\/a><\/li><li class=\"grid-item dt-project-369 50  item-long\"><a href=\"https:\/\/hercing.com\/index.php\/portfolio\/ilirik\/\"><div class=\"grid-item-on-hover\"><div class=\"grid-text\"><h3>Poslovna zgrada &#8220;Ilirik&#8221;<\/h3><\/div><div><span>Poslovni prostori<\/span><\/div><\/div><img class=\"lazy\" data-original=\"https:\/\/hercing.com\/wp-content\/uploads\/2019\/11\/2-2-1-762x295.jpg\" alt=\"\" \/><\/a><\/li><li class=\"grid-item dt-project-377 45  item-high\"><a href=\"https:\/\/hercing.com\/index.php\/portfolio\/dzamija-ilidza\/\"><div class=\"grid-item-on-hover\"><div class=\"grid-text\"><h3>Centralna d\u017eamija Ilid\u017ea<\/h3><\/div><div><span>Sakralni objekti<\/span><\/div><\/div><img class=\"lazy\" data-original=\"https:\/\/hercing.com\/wp-content\/uploads\/2019\/11\/IMG_7534-379x592.jpg\" alt=\"\" \/><\/a><\/li><li class=\"grid-item dt-project-392 45  item-small\"><a href=\"https:\/\/hercing.com\/index.php\/portfolio\/dzamija-sokolovic-kolonija\/\"><div class=\"grid-item-on-hover\"><div class=\"grid-text\"><h3>D\u017eamija Sokolovi\u0107 Kolonija<\/h3><\/div><div><span>Sakralni objekti<\/span><\/div><\/div><img class=\"lazy\" data-original=\"https:\/\/hercing.com\/wp-content\/uploads\/2019\/11\/IMG_6758-379x295.jpg\" alt=\"\" \/><\/a><\/li><li class=\"grid-item dt-project-397 47  item-small\"><a href=\"https:\/\/hercing.com\/index.php\/portfolio\/salon-ljepote-2\/\"><div class=\"grid-item-on-hover\"><div class=\"grid-text\"><h3>Salon ljepote 2<\/h3><\/div><div><span>Saloni ljepote<\/span><\/div><\/div><img class=\"lazy\" data-original=\"https:\/\/hercing.com\/wp-content\/uploads\/2019\/11\/ULAZ-1-Copy-379x295.jpg\" alt=\"\" \/><\/a><\/li><li class=\"grid-item dt-project-404 47  item-long\"><a href=\"https:\/\/hercing.com\/index.php\/portfolio\/salon-ljepote-1-2\/\"><div class=\"grid-item-on-hover\"><div class=\"grid-text\"><h3>Salon ljepote 1<\/h3><\/div><div><span>Saloni ljepote<\/span><\/div><\/div><img class=\"lazy\" data-original=\"https:\/\/hercing.com\/wp-content\/uploads\/2019\/11\/RENDERI-3.-PROSTORIJA-2-762x295.jpg\" alt=\"\" \/><\/a><\/li><li class=\"grid-item dt-project-409 46  item-small\"><a href=\"https:\/\/hercing.com\/index.php\/portfolio\/treninig-centar\/\"><div class=\"grid-item-on-hover\"><div class=\"grid-text\"><h3>Treninig centar FK Sarajevo<\/h3><\/div><div><span>Sportski objekti<\/span><\/div><\/div><img class=\"lazy\" data-original=\"https:\/\/hercing.com\/wp-content\/uploads\/2019\/11\/9-379x295.jpg\" alt=\"\" \/><\/a><\/li><li class=\"grid-item dt-project-417 49  item-small\"><a href=\"https:\/\/hercing.com\/index.php\/portfolio\/design-1\/\"><div class=\"grid-item-on-hover\"><div class=\"grid-text\"><h3>Privatna vila 1<\/h3><\/div><div><span>Total design<\/span><\/div><\/div><img class=\"lazy\" data-original=\"https:\/\/hercing.com\/wp-content\/uploads\/2019\/11\/11-2-379x295.jpg\" alt=\"\" \/><\/a><\/li><li class=\"grid-item dt-project-424 48  item-high\"><a href=\"https:\/\/hercing.com\/index.php\/portfolio\/restoran-han-stolac\/\"><div class=\"grid-item-on-hover\"><div class=\"grid-text\"><h3>Restoran Han &#8211; Stolac<\/h3><\/div><div><span>Ugostiteljski objekti<\/span><\/div><\/div><img class=\"lazy\" data-original=\"https:\/\/hercing.com\/wp-content\/uploads\/2019\/11\/prizemlje-2-379x592.jpg\" alt=\"\" \/><\/a><\/li><li class=\"grid-item dt-project-431 44  item-long\"><a href=\"https:\/\/hercing.com\/index.php\/portfolio\/apartman-1\/\"><div class=\"grid-item-on-hover\"><div class=\"grid-text\"><h3>Apartman 2<\/h3><\/div><div><span>Enterijeri<\/span><\/div><\/div><img class=\"lazy\" data-original=\"https:\/\/hercing.com\/wp-content\/uploads\/2019\/11\/Binder1_Page_06-762x295.jpg\" alt=\"\" \/><\/a><\/li><li class=\"grid-item dt-project-437 44  item-wide\"><a href=\"https:\/\/hercing.com\/index.php\/portfolio\/apartman-2\/\"><div class=\"grid-item-on-hover\"><div class=\"grid-text\"><h3>Apartman 1<\/h3><\/div><div><span>Enterijeri<\/span><\/div><\/div><img class=\"lazy\" data-original=\"https:\/\/hercing.com\/wp-content\/uploads\/2019\/11\/POGLED-NA-DNEVNI-762x592.jpg\" alt=\"\" \/><\/a><\/li><\/ul><\/section><\/section><div class=\"space\"><\/div>[\/vc_column_inner][\/vc_row_inner][vc_row_inner][vc_column_inner][vc_separator el_id=&#8221;usluge-hercing&#8221;]<div class=\"dt-title-wrapper\"><h1 class=\"section-title\">Usluge<\/h1><\/div><h2 class=\"section-tagline\">Tokom izvo\u0111enja radova primjenjujemo savremenu tehnologiju gra\u0111enja, koriste\u0107i se najboljim materijalima, \u010dime posti\u017eemo visok kvalitet izgra\u0111enih objekata i izvedenih radova uz optimalne cijene.<\/h2>[\/vc_column_inner][\/vc_row_inner]<div style=\"clear:both; width:100%; height:80px\"><\/div>[vc_row_inner][vc_column_inner width=&#8221;1\/4&#8243; css_animation=&#8221;bottom-to-top&#8221;][vc_column_text]<div class=\"team-member\"><a href=\"https:\/\/hercing.com\/wp-content\/uploads\/2014\/03\/IMG_20150630_145508.jpg\" rel=\"prettyPhoto\" title=\"Gra\u0111evinski radovi\"><span class=\"item-on-hover\"><span class=\"hover-image\"><i class=\"fa fa-search\"><\/i><\/span><\/span><img alt=\"Gra\u0111evinski radovi\" class=\"lazy grayscale\" data-original=\"https:\/\/hercing.com\/wp-content\/uploads\/2014\/03\/IMG_20150630_145508.jpg\" width=\"640\"  height=\"480\" \/><\/a><div class=\"team-text\"><h3><span>Gra\u0111evinski radovi<\/span><\/h3><p>Izvodimo sve vrste gra\u0111evinskih radova: gradnja, adaptacije, rekonstrukcije, zemljani radovi, betonski i armirano-betonski, zidarski, tesarski, fasaderski, limarski i bravarski.<\/p><\/div><div class=\"team-social\"><\/div><\/div>[\/vc_column_text][\/vc_column_inner][vc_column_inner width=&#8221;1\/4&#8243; css_animation=&#8221;bottom-to-top&#8221;][vc_column_text]<div class=\"team-member\"><a href=\"https:\/\/hercing.com\/wp-content\/uploads\/2014\/03\/IMG_20160215_170526.jpg\" rel=\"prettyPhoto\" title=\"Zavr\u0161ni radovi u gra\u0111evinarstvu\"><span class=\"item-on-hover\"><span class=\"hover-image\"><i class=\"fa fa-search\"><\/i><\/span><\/span><img alt=\"Zavr\u0161ni radovi u gra\u0111evinarstvu\" class=\"lazy grayscale\" data-original=\"https:\/\/hercing.com\/wp-content\/uploads\/2014\/03\/IMG_20160215_170526.jpg\" width=\"640\"  height=\"480\" \/><\/a><div class=\"team-text\"><h3><span>Zavr\u0161ni radovi u gra\u0111evinarstvu<\/span><\/h3><p>Izrada i popravak fasada na stambenim i poslovnim objektima, izravnavanje zidova, gletovanje i izrada unutra\u0161njih fasada, molersko-farbarski radovi, kerami\u010darski radovi, instalaterski radovi (elektroinstalacije i vodoinstalacije), gipserski (KNAUF\/RIGIPS) radovi (spu\u0161teni stropovi, pregradni zidovi, obloge,...), parketarski radovi i stolarski radovi.<\/p><\/div><div class=\"team-social\"><\/div><\/div>[\/vc_column_text][\/vc_column_inner][vc_column_inner width=&#8221;1\/4&#8243; css_animation=&#8221;bottom-to-top&#8221;][vc_column_text]<div class=\"team-member\"><a href=\"https:\/\/hercing.com\/wp-content\/uploads\/2019\/11\/gchomeplans.jpg\" rel=\"prettyPhoto\" title=\"Projektovanje\"><span class=\"item-on-hover\"><span class=\"hover-image\"><i class=\"fa fa-search\"><\/i><\/span><\/span><img alt=\"Projektovanje\" class=\"lazy grayscale\" data-original=\"https:\/\/hercing.com\/wp-content\/uploads\/2019\/11\/gchomeplans.jpg\" width=\"640\"  height=\"488\" \/><\/a><div class=\"team-text\"><h3><span>Projektovanje<\/span><\/h3><p>Za izgradnju posve novog objekta potrebni su Vam projekti, mi nudimo i uslugu izrade idejnih i glavnih projekata za Va\u0161 objekat te arhitektonska rje\u0161enja i savjete. <\/p><\/div><div class=\"team-social\"><\/div><\/div>[\/vc_column_text]<div class=\"ult-team-member-wrap ult-style-1  \"><div class=\"ult-team-member-image\" style=\"\"> <img decoding=\"async\" class=\"ult-team-grayscale\" src=\"\" alt=\"\"  style=\"\"><span class=\"ult-team-member-image-overlay \"  ><\/span><\/div><div class=\"ult-team-member-bio-wrap style-1 ultimate-heading69e35d8a430e7\" style=\"text-align:center;; \"><div class=\"ult-team-member-name-wrap\"><h2 class=\"ult-team-member-name ult-responsive\"  data-ultimate-target='.ult-team-member-bio-wrap.ultimate-heading69e35d8a430e7 .ult-team-member-name'  data-responsive-json-new='{\"font-size\":\"\",\"line-height\":\"\"}'  style=\"\"><\/h2><div style=\"margin-bottom:15px\"><\/div><\/div><\/div><\/div>[\/vc_column_inner][vc_column_inner width=&#8221;1\/4&#8243;][vc_column_text]<div class=\"team-member\"><a href=\"https:\/\/hercing.com\/wp-content\/uploads\/2014\/03\/IMG_4215.jpg\" rel=\"prettyPhoto\" title=\"Sanacije\"><span class=\"item-on-hover\"><span class=\"hover-image\"><i class=\"fa fa-search\"><\/i><\/span><\/span><img alt=\"Sanacije\" class=\"lazy grayscale\" data-original=\"https:\/\/hercing.com\/wp-content\/uploads\/2014\/03\/IMG_4215.jpg\" width=\"640\"  height=\"480\" \/><\/a><div class=\"team-text\"><h3><span>Sanacije<\/span><\/h3><p>Izvodimo sanacije starih instalacija i adaptacije stanova, u starim zgradama. \r\nOd samog po\u010detka radimo i sanacije potkrovlja, odnosno prenamjenu tavanskih prostora u stambene, kako u zgradama, tako i u privatnim ku\u0107ama. <\/p><\/div><div class=\"team-social\"><\/div><\/div>[\/vc_column_text][\/vc_column_inner][\/vc_row_inner][\/vc_column][\/vc_row][vc_row dt_text_scheme=&#8221;darker-overlay&#8221; dt_no_mb=&#8221;no-margin&#8221; bg_image=&#8221;224&#8243; bg_color=&#8221;#000000&#8243; dt_color_opacity=&#8221;70&#8243; dt_padding_top=&#8221;100&#8243; dt_padding_bottom=&#8221;100&#8243;][vc_column]<div class=\"dt-title-wrapper\"><h1 class=\"section-title\">HERCING u brojevima<\/h1><\/div><div style=\"clear:both; width:100%; height:80px\"><\/div>[vc_row_inner][vc_column_inner width=&#8221;1\/4&#8243;]<div class=\"counter-wrapper\"><div class=\"counter-item no-border\"><span class=\"counter-number\" data-decimals=\"0\" data-from=\"1\" data-to=\"156\" data-speed=\"2000\"><\/span><span class=\"counter-text\">Izgra\u0111enih stambenih objekata<\/span><\/div><div class=\"clear\"><\/div><\/div>[\/vc_column_inner][vc_column_inner width=&#8221;1\/4&#8243;]<div class=\"counter-wrapper\"><div class=\"counter-item with-border\"><span class=\"counter-number\" data-decimals=\"0\" data-from=\"1\" data-to=\"75\" data-speed=\"2000\"><\/span><span class=\"counter-text\">Renoviranih objekata<\/span><\/div><div class=\"clear\"><\/div><\/div>[\/vc_column_inner][vc_column_inner width=&#8221;1\/4&#8243;]<div class=\"counter-wrapper\"><div class=\"counter-item with-border\"><span class=\"counter-number\" data-decimals=\"0\" data-from=\"1\" data-to=\"28\" data-speed=\"2000\"><\/span><span class=\"counter-text\">Sanacije<\/span><\/div><div class=\"clear\"><\/div><\/div>[\/vc_column_inner][vc_column_inner width=&#8221;1\/4&#8243;]<div class=\"counter-wrapper\"><div class=\"counter-item with-border\"><span class=\"counter-number\" data-decimals=\"0\" data-from=\"1\" data-to=\"12\" data-speed=\"2000\"><\/span><span class=\"counter-text\">Nagrada<\/span><\/div><div class=\"clear\"><\/div><\/div>[\/vc_column_inner][\/vc_row_inner][\/vc_column][\/vc_row][vc_row dt_no_mb=&#8221;no-margin&#8221; bg_color=&#8221;#ffffff&#8221; dt_color_opacity=&#8221;100&#8243; dt_padding_bottom=&#8221;100&#8243;][vc_column][\/vc_column][\/vc_row][vc_row dt_text_scheme=&#8221;darker-overlay&#8221; dt_no_mb=&#8221;no-margin&#8221; bg_image=&#8221;634&#8243; bg_color=&#8221;#000000&#8243; dt_color_opacity=&#8221;70&#8243; dt_padding_top=&#8221;100&#8243; dt_padding_bottom=&#8221;100&#8243; dt_id=&#8221;contact&#8221;][vc_column][vc_row_inner][vc_column_inner]<div class=\"dt-title-wrapper\"><h1 class=\"section-title\">Kontakt<\/h1><\/div><div style=\"clear:both; width:100%; height:60px\"><\/div>[\/vc_column_inner][\/vc_row_inner][vc_row_inner el_id=&#8221;kontakt&#8221;][vc_column_inner width=&#8221;1\/2&#8243;][vc_column_text]<\/p>\n<ul class=\"contact-info\">\n<li><i class=\"fa fa-map-marker\"><\/i> Poligonska 3, Ilid\u017ea, 71000 Sarajevo, Bosna i Hercegovina<\/li>\n<li><i class=\"fa fa-phone\"><\/i> +378(0)33 781 305<\/li>\n<li><i class=\"fa fa-phone\"><\/i> +378(0)33 781 306<\/li>\n<li><i class=\"fa fa-envelope\"><\/i> <a href=\"mailto:\"> direkcija@hercing.com<\/a><\/li>\n<li><i class=\"fa fa-globe\"><\/i> <a href=\"#\">www.hercing.com<\/a><\/li>\n<\/ul>\n<p>[\/vc_column_text][\/vc_column_inner][vc_column_inner width=&#8221;1\/2&#8243;]\n<div class=\"wpcf7 no-js\" id=\"wpcf7-f69-o1\" lang=\"en-US\" dir=\"ltr\" data-wpcf7-id=\"69\">\n<div class=\"screen-reader-response\"><p role=\"status\" aria-live=\"polite\" aria-atomic=\"true\"><\/p> <ul><\/ul><\/div>\n<form action=\"\/index.php\/wp-json\/wp\/v2\/pages\/82#wpcf7-f69-o1\" method=\"post\" class=\"wpcf7-form init\" aria-label=\"Contact form\" novalidate=\"novalidate\" data-status=\"init\">\n<fieldset class=\"hidden-fields-container\"><input type=\"hidden\" name=\"_wpcf7\" value=\"69\" \/><input type=\"hidden\" name=\"_wpcf7_version\" value=\"6.1.5\" \/><input type=\"hidden\" name=\"_wpcf7_locale\" value=\"en_US\" \/><input type=\"hidden\" name=\"_wpcf7_unit_tag\" value=\"wpcf7-f69-o1\" \/><input type=\"hidden\" name=\"_wpcf7_container_post\" value=\"0\" \/><input type=\"hidden\" name=\"_wpcf7_posted_data_hash\" value=\"\" \/><input type=\"hidden\" name=\"_wpcf7_recaptcha_response\" value=\"\" \/>\n<\/fieldset>\n<div class=\"percent-one-half\"> <br \/>\n<span class=\"wpcf7-form-control-wrap\" data-name=\"your-name\"><input size=\"40\" maxlength=\"400\" class=\"wpcf7-form-control wpcf7-text wpcf7-validates-as-required\" aria-required=\"true\" aria-invalid=\"false\" placeholder=\"Ime\" value=\"\" type=\"text\" name=\"your-name\" \/><\/span><br \/>\n<\/div><br \/>\n<div class=\"percent-one-half column-last\"> <br \/>\n<span class=\"wpcf7-form-control-wrap\" data-name=\"your-email\"><input size=\"40\" maxlength=\"400\" class=\"wpcf7-form-control wpcf7-email wpcf7-validates-as-required wpcf7-text wpcf7-validates-as-email\" aria-required=\"true\" aria-invalid=\"false\" placeholder=\"Email\" value=\"\" type=\"email\" name=\"your-email\" \/><\/span><br \/>\n<\/div><br \/>\n<span class=\"wpcf7-form-control-wrap\" data-name=\"your-message\"><textarea cols=\"40\" rows=\"10\" maxlength=\"2000\" class=\"wpcf7-form-control wpcf7-textarea wpcf7-validates-as-required\" aria-required=\"true\" aria-invalid=\"false\" placeholder=\"Poruka\" name=\"your-message\"><\/textarea><\/span><br \/>\n<input class=\"wpcf7-form-control wpcf7-submit has-spinner button black\" type=\"submit\" value=\"Po\u0161alji\" \/>\n<\/p><div class=\"wpcf7-response-output\" aria-hidden=\"true\"><\/div>\n<\/form>\n<\/div>\n[\/vc_column_inner][\/vc_row_inner][\/vc_column][\/vc_row]<\/p>\n","protected":false},"excerpt":{"rendered":"<p>[vc_row dt_no_mb=&#8221;no-margin&#8221; bg_color=&#8221;#ffffff&#8221; dt_id=&#8221;hello&#8221;][vc_column][rev_slider_vc alias=&#8221;fullscreen-image-slider&#8221;][\/vc_column][\/vc_row][vc_row dt_no_mb=&#8221;no-margin&#8221; bg_color=&#8221;#fafafa&#8221; dt_padding_top=&#8221;100&#8243; dt_padding_bottom=&#8221;100&#8243; dt_id=&#8221;about&#8221; bg_image=&#8221;224&#8243;][vc_column][vc_row_inner][vc_column_inner][\/vc_column_inner][\/vc_row_inner][vc_row_inner][vc_column_inner width=&#8221;1\/4&#8243; css_animation=&#8221;bottom-to-top&#8221;][vc_column_text] GRADITE Odlu\u010dili ste da gradite novi objekat stambene ili poslovne namjene, pomo\u0107i&#8230;<\/p>\n<p class=\"readmore\"><a class=\"more-btn\" href=\"https:\/\/hercing.com\/index.php\/member\/sanacije\/\">Read More<\/a><\/p>\n","protected":false},"author":1,"featured_media":0,"parent":0,"menu_order":0,"comment_status":"closed","ping_status":"open","template":"template-homepage.php","meta":{"footnotes":""},"class_list":["post-82","page","type-page","status-publish","hentry"],"_links":{"self":[{"href":"https:\/\/hercing.com\/index.php\/wp-json\/wp\/v2\/pages\/82","targetHints":{"allow":["GET"]}}],"collection":[{"href":"https:\/\/hercing.com\/index.php\/wp-json\/wp\/v2\/pages"}],"about":[{"href":"https:\/\/hercing.com\/index.php\/wp-json\/wp\/v2\/types\/page"}],"author":[{"embeddable":true,"href":"https:\/\/hercing.com\/index.php\/wp-json\/wp\/v2\/users\/1"}],"replies":[{"embeddable":true,"href":"https:\/\/hercing.com\/index.php\/wp-json\/wp\/v2\/comments?post=82"}],"version-history":[{"count":180,"href":"https:\/\/hercing.com\/index.php\/wp-json\/wp\/v2\/pages\/82\/revisions"}],"predecessor-version":[{"id":976,"href":"https:\/\/hercing.com\/index.php\/wp-json\/wp\/v2\/pages\/82\/revisions\/976"}],"wp:attachment":[{"href":"https:\/\/hercing.com\/index.php\/wp-json\/wp\/v2\/media?parent=82"}],"curies":[{"name":"wp","href":"https:\/\/api.w.org\/{rel}","templated":true}]}}